5 (base 6) in base 4?
-1211
Convert -2 (base 3) to base 10.
-2
-87 (base 13) to base 5
-421
203 (base 6) to base 3
2210
-2 (base 8) to base 9
-2
What is -4 (base 11) in base 10?
-4
Convert 0 (base 6) to base 8.
0
What is -247 (base 9) in base 12?
-151
Convert 2 (base 5) to base 3.
2
What is -10 (base 2) in base 16?
-2
0 (base 16) to base 13
0
-4 (base 6) to base 13
-4
Convert -41 (base 5) to base 3.
-210
Convert -4 (base 13) to base 6.
-4
Convert 8 (base 14) to base 8.
10
What is 124 (base 7) in base 4?
1003
Convert -2141 (base 5) to base 12.
-208
0 (base 7) to base 4
0
5 (base 15) to base 4
11
15 (base 12) to base 10
17
Convert 4 (base 6) to base 11.
4
What is -300 (base 4) in base 11?
-44
2d (base 15) to base 10
43
-b (base 12) to base 9
-12
What is -24 (base 7) in base 5?
-33
What is -1 (base 7) in base 3?
-1
What is 148 (base 9) in base 6?
325
What is -4 (base 5) in base 7?
-4
Convert 72 (base 16) to base 7.
222
Convert -2 (base 11) to base 5.
-2
What is -20 (base 10) in base 4?
-110
111010 (base 2) to base 8
72
1 (base 2) to base 9
1
Convert 11 (base 12) to base 11.
12
-a3 (base 14) to base 15
-98
What is -61 (base 14) in base 6?
-221
11000 (base 2) to base 14
1a
Convert 2 (base 4) to base 8.
2
-1 (base 12) to base 9
-1
Convert 56 (base 12) to base 7.
123
-152 (base 9) to base 4
-2000
What is -10 (base 5) in base 4?
-11
-1 (base 9) to base 15
-1
0 (base 15) to base 14
0
What is 18 (base 11) in base 8?
23
What is 353 (base 6) in base 11?
119
Convert 112 (base 11) to base 14.
98
Convert 2 (base 9) to base 7.
2
Convert 110 (base 4) to base 12.
18
What is -3 (base 15) in base 5?
-3
What is 0 (base 16) in base 9?
0
4 (base 10) to base 9
4
What is -7 (base 13) in base 3?
-21
Convert 13 (base 16) to base 3.
201
What is -8 (base 9) in base 14?
-8
-20 (base 3) to base 16
-6
Convert 11a (base 11) to base 4.
2032
36 (base 8) to base 4
132
Convert 1 (base 4) to base 12.
1
-100 (base 2) to base 6
-4
What is -114 (base 6) in base 3?
-1201
What is -4 (base 7) in base 4?
-10
Convert -4 (base 5) to base 13.
-4
What is -4 (base 13) in base 3?
-11
What is 107 (base 11) in base 14?
92
Convert 8d (base 15) to base 9.
157
-11 (base 5) to base 12
-6
-3 (base 6) to base 7
-3
14 (base 13) to base 10
17
What is -3 (base 7) in base 3?
-10
What is 4 (base 14) in base 13?
4
Convert -40 (base 9) to base 2.
-100100
What is 560 (base 7) in base 6?
1155
Convert -3 (base 8) to base 14.
-3
Convert -312 (base 4) to base 7.
-105
Convert 100000111 (base 2) to base 5.
2023
What is 3 (base 7) in base 16?
3
Convert -1 (base 10) to base 9.
-1
-34 (base 16) to base 5
-202
Convert 101010110 (base 2) to base 7.
666
Convert -7 (base 14) to base 9.
-7
Convert 9 (base 10) to base 8.
11
Convert 1 (base 13) to base 5.
1
-4 (base 8) to base 12
-4
What is 3 (base 8) in base 6?
3
What is 24 (base 7) in base 3?
200
-10 (base 5) to base 3
-12
What is -7 (base 8) in base 15?
-7
-50 (base 15) to base 5
-300
-20 (base 3) to base 7
-6
What is -1 (base 13) in base 4?
-1
6 (base 16) to base 9
6
What is 8 (base 9) in base 3?
22
Convert -1 (base 6) to base 7.
-1
-4 (base 5) to base 3
-11
Convert -10 (base 6) to base 5.
-11
What is 0 (base 2) in base 9?
0
Convert 234 (base 8) to base 12.
110
Convert -7 (base 11) to base 15.
-7
What is 0 (base 10) in base 4?
0
Convert -12110 (base 3) to base 14.
-a7
44 (base 12) to base 16
34
What is 23 (base 5) in base 3?
111
What is 10112 (base 3) in base 4?
1133
Convert -9 (base 13) to base 15.
-9
Convert 5 (base 8) to base 13.
5
What is -15 (base 14) in base 9?
-21
Convert -35 (base 9) to base 6.
-52
What is -7 (base 13) in base 3?
-21
Convert 181 (base 10) to base 13.
10c
1 (base 13) to base 7
1
Convert -2 (base 9) to base 6.
-2
Convert 100 (base 3) to base 13.
9
What is -15 (base 13) in base 15?
-13
68 (base 11) to base 12
62
11121 (base 3) to base 8
174
Convert -5 (base 12) to base 10.
-5
Convert -3 (base 5) to base 13.
-3
Convert 11 (base 6) to base 7.
10
Convert -1a1 (base 13) to base 6.
-1220
-4 (base 11) to base 8
-4
1d (base 16) to base 2
11101
What is -198 (base 11) in base 4?
-3210
-67 (base 13) to base 3
-10011
What is 1221 (base 4) in base 10?
105
202 (base 6) to base 3
2202
7 (base 9) to base 3
21
What is -1 (base 8) in base 11?
-1
What is 166 (base 14) in base 7?
556
What is 1 (base 4) in base 8?
1
26 (base 12) to base 10
30
Convert -3 (base 7) to base 9.
-3
What is b (base 12) in base 3?
102
0 (base 11) to base 13
0
Convert -5 (base 12) to base 11.
-5
31 (base 13) to base 14
2c
96 (base 10) to base 7
165
-58 (base 11) to base 7
-120
22 (base 5) to base 7
15
What is 332 (base 5) in base 2?
1011100
What is -1101 (base 2) in base 3?
-111
Convert -1020 (base 4) to base 14.
-52
What is -10202 (base 3) in base 11?
-92
Convert -10 (base 6) to base 14.
-6
What is 5 (base 10) in base 14?
5
13 (base 12) to base 15
10
What is -120 (base 4) in base 6?
-40
Convert 1110000 (base 2) to base 16.
70
132 (base 9) to base 10
110
What is -122 (base 3) in base 6?
-25
Convert -2 (base 6) to base 16.
-2
What is b (base 16) in base 10?
11
Convert 113 (base 4) to base 16.
17
-12 (base 7) to base 5
-14
104 (base 9) to base 14
61
What is -1 (base 5) in base 2?
-1
What is 1 (base 8) in base 3?
1
Convert 3 (base 6) to base 3.
10
What is -305 (base 6) in base 3?
-11012
Convert bc (base 14) to base 7.
325
What is -23 (base 15) in base 11?
-30
Convert -4 (base 13) to base 3.
-11
Convert 0 (base 2) to base 9.
0
What is -284 (base 12) in base 7?
-1063
-b6 (base 14) to base 11
-136
Convert -15 (base 14) to base 5.
-34
Convert 413 (base 5) to base 3.
11000
What is 2 (base 10) in base 6?
2
What is 40 (base 12) in base 14?
36
What is 5a (base 14) in base 13?
62
Convert -2 (base 5) to base 3.
-2
-11 (base 2) to base 15
-3
10 (base 10) to base 15
a
What is -1000 (base 3) in base 8?
-33
12 (base 8) to base 10
10
Convert -1315 (base 6) to base 14.
-19d
What is -3 (base 13) in base 11?
-3
-111 (base 2) to base 3
-21
2410 (base 5) to base 11
2a3
10 (base 2) to base 9
2
-3 (base 13) to base 3
-10
Convert 31 (base 4) to base 8.
15
What is -2 (base 8) in base 14?
-2
Convert -5 (base 8) to base 10.
-5
310 (base 6) to base 15
79
Convert 22 (base 10) to base 2.
10110
What is -18 (base 15) in base 5?
-43
Convert -15 (base 9) to base 5.
-24
-1 (base 2) to base 8
-1
Convert 17 (base 12) to base 2.
10011
27 (base 12) to base 7
43
2c (base 15) to base 6
110
What is 2 (base 7) in base 16?
2
17 (base 9) to base 13
13
What is -1 (base 10) in base 14?
-1
-14 (base 7) to base 12
-b
4 (base 10) to base 13
4
Convert -e (base 15) to base 9.
-15
10 (base 4) to base 15
4
2 (base 14) to base 5
2
10 (base 4) to base 16
4
-54 (base 12) to base 8
-100
34 (base 8) to base 5
103
What is 1333 (base 5) in base 6?
1002
What is -4 (base 16) in base 7?
-4
What is 33 (base 6) in base 11?
1a
0 (base 14) to base 11
0
Convert -6 (base 14) to base 15.
-6
Convert 1 (base 8) to base 16.
1
Convert -1 (base 14) to base 2.
-1
Convert -3 (base 14) to base 10.
-3
Convert -18 (base 13) to base 4.
-111
What is -230 (base 7) in base 11?
-a9
What is -41 (base 8) in base 13?
-27
What is 1022 (base 3) in base 8?
43
Convert 51 (base 12) to base 10.
61
-13 (base 8) to base 3
-102
What is -12 (base 4) in base 9?
-6
Convert -5 (base 12) to base 3.
-12
Convert 110 (base 3) to base 4.
30
What is 1 (base 5) in base 14?
1
What is 2 (base 13) in base 14?
2
What is 1001 (base 2) in base 8?
11
Convert 335 (base 7) to base 11.
148
111 (base 7) to base 14
41
What is 0 (base 5) in base 6?
0
What is -25 (base 12) in base 15?
-1e
What is 3 (base 7) in base 2?
11
Convert 46 (base 14) to base 2.
111110
Convert 156 (base 9) to base 12.
b0
What is c (base 14) in base 10?
12
Convert 110 (base 3) to base 7.
15
Convert 0 (base 7) to base 5.
0
-336 (base 9) to base 5
-2101
-6 (base 16) to base 14
-6
Convert -12 (base 5) to base 4.
-13
-100 (base 6) to base 15
-26
-100010 (base 2) to base 16
-22
What is 3 (base 7) in base 6?
3
Convert -223 (base 6) to base 16.
-57
What is -322 (base 5) in base 12?
-73
What is 4 (base 7) in base 13?
4
-2 (base 12) to base 14
-2
-5 (base 7) to base 14
-5
What is 11 (base 4) in base 9?
5
What is 10100 (base 2) in base 11?
19
What is 1130 (base 5) in base 6?
433
-232 (base 5) to base 15
-47
-6 (base 10) to base 5
-11
Convert -50 (ba